{"id":1913,"date":"2018-04-23T15:40:14","date_gmt":"2018-04-23T13:40:14","guid":{"rendered":"https:\/\/orchestra.clouditalia.com\/?page_id=1913"},"modified":"2025-10-07T16:21:40","modified_gmt":"2025-10-07T14:21:40","slug":"number-portability","status":"publish","type":"page","link":"https:\/\/orchestra.retelit.it\/index.php\/dashboard\/voce\/number-portability\/","title":{"rendered":"Number Portability"},"content":{"rendered":"<div class=\"wpb-content-wrapper\"><p>[vc_row][vc_column]<style type=\"text\/css\" data-type=\"the7_shortcodes-inline-css\">.dt-breadcrumbs-id-a5fa9a75788848dea54239d1d5c788e4 .breadcrumbs {\n  display: inline-block;\n  margin: 0;\n  padding: 2px 10px 2px 10px;\n  border: 0px solid ;\n  border-radius: 0px;\n}\n.dt-breadcrumbs-id-a5fa9a75788848dea54239d1d5c788e4 .breadcrumbs * {\n  color: #a2a5a6;\n}<\/style><div class=\"dt-breadcrumbs-shortcode dt-breadcrumbs-id-a5fa9a75788848dea54239d1d5c788e4 align-left\"><div class=\"assistive-text\">You are here:<\/div><ol class=\"breadcrumbs text-small\" itemscope itemtype=\"https:\/\/schema.org\/BreadcrumbList\"><li itemprop=\"itemListElement\" itemscope itemtype=\"https:\/\/schema.org\/ListItem\"><a itemprop=\"item\" href=\"https:\/\/orchestra.retelit.it\/\" title=\"Home\"><span itemprop=\"name\">Home<\/span><\/a><meta itemprop=\"position\" content=\"1\" \/><\/li><li class=\"current\" itemprop=\"itemListElement\" itemscope itemtype=\"https:\/\/schema.org\/ListItem\"><span itemprop=\"name\">Pagina<\/span><meta itemprop=\"position\" content=\"2\" \/><\/li><\/ol><\/div>[\/vc_column][\/vc_row][vc_row][vc_column width=&#8221;1\/4&#8243;][vc_wp_custommenu title=&#8221;Voce&#8221; nav_menu=&#8221;42&#8243; el_id=&#8221;sx&#8221; el_class=&#8221;sx&#8221;][\/vc_column][vc_column width=&#8221;3\/4&#8243;][vc_tta_pageable no_fill_content_area=&#8221;1&#8243; active_section=&#8221;1&#8243; pagination_style=&#8221;&#8221; el_id=&#8221;pagina1&#8243; el_class=&#8221;ocx_np_custom&#8221;][vc_tta_section title=&#8221;Sezione 1&#8243; tab_id=&#8221;1532609487380-fe615777-8576&#8243;][vc_column_text css=&#8221;&#8221;]<\/p>\n<h3 class=\"green\">Number Portability<\/h3>\n<div class=\"_msg_np_off\"><b>Nota bene<\/b>: Per richiedere la portabilit\u00e0 di un numero \u00e8 necessario essere in possesso di una numerazione Retelit Orchestra nello stesso distretto telefonico ( cio\u00e8 con il medesimo prefisso) della numerazione che intendi portare.<\/div>\n<div class=\"_msg_np_off\">La portabilit\u00e0 della numerazione prevede che, ai sensi della delibera 4\/CIR\/99 art. 4, comma 2, il soggetto Donating della numerazione e il Recipient siano il medesimo. (cio\u00e9 il soggetto che rilascia la numerazione e il soggetto che la riceve devono essere la stessa entit\u00e0).<br \/>\nPer completare la portabilit\u00e0 della tua numerazione \u00e8 necessario che il contratto con l\u2019attuale operatore telefonico rimanga attivo fino al momento dell\u2019avvenuta portabilit\u00e0, che coincide con il passaggio effettivo del numero all\u2019operatore Retelit.<\/div>\n<p>[\/vc_column_text][vc_raw_html]JTNDZGl2JTIwY2xhc3MlM0QlMjJzdGVwX2xpbmUlMjIlM0UlM0NpJTIwY2xhc3MlM0QlMjJmYSUyMGZhLWNpcmNsZSUyMiUzRSUzQyUyRmklM0UlMEElM0NkaXYlMjBjbGFzcyUzRCUyMnN0ZXBfbnVtYmVyJTIyJTNFMSUzQyUyRmRpdiUzRSUwQSUzQ2RpdiUyMGNsYXNzJTNEJTIyc3RlcF90eHQlMjIlM0VJbnNlcmlzY2klMjBpJTIwJTNDYiUzRWRhdGklM0MlMkZiJTNFJTIwYW5hZ3JhZmljaSUyQyUyMGlsJTIwJTNDYiUzRW51bWVybyUzQyUyRmIlM0UlMjBkYSUyMHBvcnRhcmUlMjBlJTIwaW5maW5lJTIwaWwlMjAlM0NiJTNFY29kaWNlJTNDJTJGYiUzRSUyMGRpJTIwbWlncmF6aW9uZSUzQyUyRmRpdiUzRSUwQSUzQyUyRmRpdiUzRSUzQ2RpdiUyMGNsYXNzJTNEJTIyc3RlcF9saW5lJTIyJTNFJTNDaSUyMGNsYXNzJTNEJTIyZmElMjBmYS1jaXJjbGUlMjIlM0UlM0MlMkZpJTNFJTBBJTNDZGl2JTIwY2xhc3MlM0QlMjJzdGVwX251bWJlciUyMiUzRTIlM0MlMkZkaXYlM0UlMEElM0NkaXYlMjBjbGFzcyUzRCUyMnN0ZXBfdHh0JTIyJTNFJTNDYiUzRUNvbXBpbGElM0MlMkZiJTNFJTJDJTIwZmlybWElMjBlJTIwY2FyaWNhJTIwY29uJTIwZG9jdW1lbnRvJTIwaWRlbnRpdCVDMyVBMCUyMGRlbCUyMCUzQ2IlM0V0aXRvbGFyZSUzQyUyRmIlM0UlMjBkZWwlMjBudW1lcm8lMjBwb3J0YXRvJTNDJTJGZGl2JTNFJTBBJTNDJTJGZGl2JTNFJTNDZGl2JTIwY2xhc3MlM0QlMjJzdGVwX2xpbmUlMjIlM0UlM0NpJTIwY2xhc3MlM0QlMjJmYSUyMGZhLWNpcmNsZSUyMiUzRSUzQyUyRmklM0UlMEElM0NkaXYlMjBjbGFzcyUzRCUyMnN0ZXBfbnVtYmVyJTIyJTNFMyUzQyUyRmRpdiUzRSUwQSUzQ2RpdiUyMGNsYXNzJTNEJTIyc3RlcF90eHQlMjIlM0UlM0NiJTNFQXR0ZW5kaSUzQyUyRmIlM0UlMjBsJUUyJTgwJTk5ZXNpdG8lMjBjaGUlMjB0aSUyMGNvbXVuaWNoZXJlbW8lMjB2aWElMjAlM0NiJTNFZS1tYWlsJTNDJTJGYiUzRSUyMCUyOGFsY3VuaSUyMCUzQ2JyJTIwJTJGJTNFZ2lvcm5pJTI5JTNDJTJGZGl2JTNFJTBBJTNDJTJGZGl2JTNFJTNDZGl2JTIwY2xhc3MlM0QlMjJzdGVwX2xpbmUlMjIlM0UlM0NpJTIwY2xhc3MlM0QlMjJmYSUyMGZhLWNpcmNsZSUyMiUzRSUzQyUyRmklM0UlMEElM0NkaXYlMjBjbGFzcyUzRCUyMnN0ZXBfbnVtYmVyJTIyJTNFNCUzQyUyRmRpdiUzRSUwQSUzQ2RpdiUyMGNsYXNzJTNEJTIyc3RlcF90eHQlMjIlM0UlM0NiJTNFRWZmZXR0dWElM0MlMkZiJTNFJTIwbG8lMjBzYmxvY2NvJTIwY29tZSUyMGRhJTIwJTNDYiUzRWluZGljYXppb25pJTIwcmljZXZ1dGUlM0MlMkZiJTNFJTIwZSUyMGF0dGVuZGklMjBsYSUyMGZpbmUlMjBkZWxsYSUyMHBvcnRhYmlsaXQlQzMlQTAlM0MlMkZkaXYlM0UlMEElM0MlMkZkaXYlM0UlMEElMEElM0NzdHlsZSUzRSUwQS5zdGVwX2xpbmUlMjAlN0IlMjBib3JkZXItYm90dG9tJTNBJTIwMnB4JTIwZG90dGVkJTIwJTIzY2NjY2NjJTNCJTIwZGlzcGxheSUzQSUyMGlubGluZS10YWJsZSUzQiUyMHBhZGRpbmclM0ElMjAxMHB4JTIwMHB4JTNCJTIwaGVpZ2h0JTNBJTIwNzBweCUzQiUyMG1hcmdpbiUzQSUyMDEwcHglMjAwcHglMjAlN0QlMEEuc3RlcF9saW5lJTIwLmZhJTIwJTdCJTIwcG9zaXRpb24lM0ElMjByZWxhdGl2ZSUzQiUyMHRvcCUzQSUyMDY4cHglMjAlMjFpbXBvcnRhbnQlM0IlMjBsZWZ0JTNBJTIwLTE3MHB4JTIwJTIxaW1wb3J0YW50JTNCJTIwZm9udC1zaXplJTNBJTIwMTBweCUyMCUyMWltcG9ydGFudCUzQiUyMCU3RCUwQSU0MG1lZGlhJTIwc2NyZWVuJTIwYW5kJTIwJTI4bWF4LXdpZHRoJTNBJTIwMTA3MHB4JTI5JTIwJTdCJTIwLnN0ZXBfbGluZSUyMCU3QiUyMGJvcmRlci1ib3R0b20lM0ElMjAwcHglMjAlMjFpbXBvcnRhbnQlM0IlN0QlMjAuc3RlcF9saW5lJTIwLmZhJTIwJTdCZGlzcGxheSUzQSUyMG5vbmUlN0QlMjAlN0QlMEEuc3RlcF9udW1iZXIlMjAlN0IlMjBkaXNwbGF5JTNBJTIwaW5saW5lLXRhYmxlJTNCJTIwYm9yZGVyLXJhZGl1cyUzQSUyMDk5OXB4JTNCJTIwYmFja2dyb3VuZC1jb2xvciUzQSUyMCUyM2NjY2NjYyUzQiUyMGNvbG9yJTNBJTIwJTIzZmZmZmZmJTNCJTIwdGV4dC1hbGlnbiUzQSUyMGNlbnRlciUzQiUyMGZvbnQtd2VpZ2h0JTNBJTIwYm9sZCUzQiUyMGZvbnQtc2l6ZSUzQSUyMDQwcHglM0IlMjBoZWlnaHQlM0ElMjA1NXB4JTNCJTIwd2lkdGglM0ElMjA1NXB4JTNCJTIwbGluZS1oZWlnaHQlM0ElMjA1NXB4JTNCJTIwbWFyZ2luLXJpZ2h0JTNBJTIwMTBweCUzQiUyMGZsb2F0JTNBJTIwbGVmdCUyMCU3RCUwQS5zdGVwX3R4dCUyMCU3QiUyMGRpc3BsYXklM0ElMjBpbmxpbmUtdGFibGUlM0IlMjBmb250LXNpemUlM0ElMjAxMnB4JTNCJTIwbGluZS1oZWlnaHQlM0ElMjAxMnB4JTNCJTIwZmxvYXQlM0ElMjBsZWZ0JTNCJTIwcGFkZGluZy10b3AlM0ElMjA1cHglM0IlMjBtYXgtd2lkdGglM0ElMjAxMzBweCUyMCU3RCUwQSUzQyUyRnN0eWxlJTNFJTBB[\/vc_raw_html][vc_empty_space][vc_column_text]<\/p>\n<table>\n<thead>\n<tr>\n<th>Numero Orchestra<\/th>\n<th>Numero Portato<\/th>\n<th>Stato Portabilit\u00e0<\/th>\n<th>Documentazione<\/th>\n<th><\/th>\n<\/tr>\n<\/thead>\n<tbody id=\"tbl_numeri_attivi\"><\/tbody>\n<\/table>\n<p>[\/vc_column_text][\/vc_tta_section][\/vc_tta_pageable][vc_tta_pageable no_fill_content_area=&#8221;1&#8243; active_section=&#8221;1&#8243; pagination_style=&#8221;&#8221; el_id=&#8221;pagina2&#8243;][vc_tta_section title=&#8221;Sezione 1&#8243; tab_id=&#8221;1532610882661-cecd4116-7ee5&#8243; el_class=&#8221;ocx_np_custom&#8221;][vc_row_inner][vc_column_inner width=&#8221;2\/3&#8243;][vc_column_text css=&#8221;&#8221;]<\/p>\n<p><b>Dati Intestatario Account Orchestra<\/b><\/p>\n<p>[\/vc_column_text][\/vc_column_inner][vc_column_inner width=&#8221;1\/3&#8243;][vc_btn title=&#8221;Indietro&#8221; align=&#8221;right&#8221; css=&#8221;.vc_custom_1536131742394{margin-right: 10px !important;}&#8221; el_id=&#8221;np_indietro&#8221;][\/vc_column_inner][\/vc_row_inner][vc_separator][vc_empty_space height=&#8221;10px&#8221;][vc_row_inner][vc_column_inner width=&#8221;2\/6&#8243;][vc_column_text]<\/p>\n<p>Ragione Soc. \/ Nominativo<\/p>\n<p>[\/vc_column_text][\/vc_column_inner][vc_column_inner width=&#8221;4\/6&#8243;][vc_column_text]<\/p>\n<p><input id=\"np_ragione\" style=\"width: 100%;\" readonly=\"readonly\" type=\"text\" \/><\/p>\n<p>[\/vc_column_text][\/vc_column_inner][\/vc_row_inner][vc_empty_space height=&#8221;1px&#8221;][vc_row_inner][vc_column_inner width=&#8221;2\/6&#8243;][vc_column_text]<\/p>\n<p>Indirizzo di residenza<\/p>\n<p>[\/vc_column_text][\/vc_column_inner][vc_column_inner width=&#8221;4\/6&#8243;][vc_column_text]<\/p>\n<p><input id=\"np_indirizzo\" style=\"width: 100%;\" readonly=\"readonly\" type=\"text\" \/><\/p>\n<p>[\/vc_column_text][\/vc_column_inner][\/vc_row_inner][vc_empty_space height=&#8221;1px&#8221;][vc_row_inner][vc_column_inner width=&#8221;2\/6&#8243;][vc_column_text]<\/p>\n<p>Codice Fiscale \/ P.IVA<\/p>\n<p>[\/vc_column_text][\/vc_column_inner][vc_column_inner width=&#8221;4\/6&#8243;][vc_column_text]<\/p>\n<p><input id=\"np_pivacf\" style=\"width: 100%;\" readonly=\"readonly\" type=\"text\" \/><\/p>\n<p>[\/vc_column_text][\/vc_column_inner][\/vc_row_inner][vc_empty_space height=&#8221;1px&#8221;][vc_row_inner][vc_column_inner width=&#8221;2\/6&#8243;][vc_column_text]<\/p>\n<p>Email Account Orchestra<\/p>\n<p>[\/vc_column_text][\/vc_column_inner][vc_column_inner width=&#8221;4\/6&#8243;][vc_column_text]<\/p>\n<p><input id=\"np_email\" style=\"width: 100%;\" readonly=\"readonly\" type=\"text\" \/><\/p>\n<p>[\/vc_column_text][\/vc_column_inner][\/vc_row_inner][vc_empty_space][vc_row_inner][vc_column_inner width=&#8221;1\/2&#8243;][vc_column_text]<\/p>\n<p><b>Dati Titolare Numerazione<\/b><\/p>\n<p>[\/vc_column_text][\/vc_column_inner][vc_column_inner width=&#8221;1\/2&#8243;][vc_column_text]<\/p>\n<style>a#np_copiadati2:hover {text-decoration: none}<\/style>\n<p><a id=\"np_copiadati2\"><\/a><input id=\"np_copiadati\" type=\"checkbox\" \/>\u00a0\u00a0Copia Dati Account Orchestra<\/p>\n<p>[\/vc_column_text][\/vc_column_inner][\/vc_row_inner][vc_separator][vc_empty_space height=&#8221;10px&#8221;][vc_row_inner][vc_column_inner width=&#8221;1\/4&#8243;][vc_column_text]<\/p>\n<p>Rag Soc. \/ Nominativo<\/p>\n<p>[\/vc_column_text][\/vc_column_inner][vc_column_inner width=&#8221;1\/4&#8243;][vc_column_text]<\/p>\n<p><input id=\"np_ragsoc2\" style=\"width: 100%;\" type=\"text\" \/><\/p>\n<p>[\/vc_column_text][\/vc_column_inner][vc_column_inner width=&#8221;1\/4&#8243;][vc_column_text]<\/p>\n<p>Indirizzo<\/p>\n<p>[\/vc_column_text][\/vc_column_inner][vc_column_inner width=&#8221;1\/4&#8243;][vc_column_text]<\/p>\n<p><input id=\"np_indirizzo2\" style=\"width: 100%;\" type=\"text\" \/><\/p>\n<p>[\/vc_column_text][\/vc_column_inner][\/vc_row_inner][vc_empty_space height=&#8221;1px&#8221;][vc_row_inner][vc_column_inner width=&#8221;1\/4&#8243;][vc_column_text]<\/p>\n<p>Cod Fiscale \/ P.IVA<\/p>\n<p>[\/vc_column_text][\/vc_column_inner][vc_column_inner width=&#8221;1\/4&#8243;][vc_column_text]<\/p>\n<p><input id=\"np_pivacf2\" style=\"width: 100%;\" type=\"text\" \/><\/p>\n<p>[\/vc_column_text][\/vc_column_inner][vc_column_inner width=&#8221;1\/4&#8243;][vc_column_text]<\/p>\n<p>Comune<\/p>\n<p>[\/vc_column_text][\/vc_column_inner][vc_column_inner width=&#8221;1\/4&#8243;][vc_column_text css=&#8221;&#8221;]<select id=\"np_comune2\" style=\"width: 100%;\"><option><\/option><\/select>[\/vc_column_text][\/vc_column_inner][\/vc_row_inner][vc_empty_space height=&#8221;1px&#8221;][vc_row_inner][vc_column_inner width=&#8221;1\/4&#8243;][vc_column_text]<\/p>\n<p>Recapito Telefonico<\/p>\n<p>[\/vc_column_text][\/vc_column_inner][vc_column_inner width=&#8221;1\/4&#8243;][vc_column_text]<\/p>\n<p><input id=\"np_telefono2\" style=\"width: 100%;\" type=\"text\" \/><\/p>\n<p>[\/vc_column_text][\/vc_column_inner][vc_column_inner width=&#8221;1\/4&#8243;][vc_column_text]<\/p>\n<p>CAP<\/p>\n<p>[\/vc_column_text][\/vc_column_inner][vc_column_inner width=&#8221;1\/4&#8243;][vc_column_text]<\/p>\n<p><input id=\"np_cap2\" style=\"width: 100%;\" type=\"text\" \/><\/p>\n<p>[\/vc_column_text][\/vc_column_inner][\/vc_row_inner][vc_empty_space][vc_column_text css=&#8221;&#8221;]<\/p>\n<div class=\"_msg_np_off\"><b>Numero da portare<\/b><br \/>\nNota bene: ricorda che per completare la portabilit\u00e0 della tua numerazione \u00e8 necessario che il contratto con l&#8217;attuale operatore telefonico rimanga attivo fino al momento dell\u2019avvenuta portabilit\u00e0, che coincide con il passaggio effettivo del numero all&#8217;operatore Retelit.<\/div>\n<p>[\/vc_column_text][vc_empty_space][vc_column_text]<\/p>\n<table>\n<thead>\n<tr>\n<th>Numerazione Telefonica <sup>(1)<\/sup><\/th>\n<th>Tipo di accesso <sup>(2)<\/sup><\/th>\n<th>Nr Linee <sup>(3)<\/sup><\/th>\n<th>Nr Orchestra<\/th>\n<th>Codice Migrazione <sup>(4)<\/sup><\/th>\n<\/tr>\n<\/thead>\n<tbody id=\"tbl_np_richiesta\">\n<tr id=\"np1\">\n<td><input id=\"np1_portato\" type=\"text\" \/><\/td>\n<td><select id=\"np1_tipo\"><option value=\"POTS\">POTS<\/option><option value=\"ISDN\">ISDN<\/option><\/select><\/td>\n<td><select id=\"np1_nlinee\"><option value=\"1\">1<\/option><option value=\"2\">2<\/option><option value=\"3\">3<\/option><option value=\"4\">4<\/option><option value=\"5\">5<\/option><option value=\"6\">6<\/option><option value=\"7\">7<\/option><option value=\"8\">8<\/option><\/select><\/td>\n<td><input id=\"np1_orchestra\" readonly=\"readonly\" type=\"text\" \/><\/td>\n<td><input id=\"np1_codice\" type=\"text\" \/><\/td>\n<\/tr>\n<tr id=\"np2\">\n<td><input id=\"np2_portato\" type=\"text\" \/><\/td>\n<td><\/td>\n<td><\/td>\n<td><\/td>\n<td><\/td>\n<\/tr>\n<tr id=\"np3\">\n<td><input id=\"np3_portato\" type=\"text\" \/><\/td>\n<td><\/td>\n<td><\/td>\n<td><\/td>\n<td><\/td>\n<\/tr>\n<tr id=\"np4\">\n<td><input id=\"np4_portato\" type=\"text\" \/><\/td>\n<td><\/td>\n<td><\/td>\n<td><\/td>\n<td><\/td>\n<\/tr>\n<tr id=\"np5\">\n<td><input id=\"np5_portato\" type=\"text\" \/><\/td>\n<td><\/td>\n<td><\/td>\n<td><\/td>\n<td><\/td>\n<\/tr>\n<tr id=\"np6\">\n<td><input id=\"np6_portato\" type=\"text\" \/><\/td>\n<td><\/td>\n<td><\/td>\n<td><\/td>\n<td><\/td>\n<\/tr>\n<tr id=\"np7\">\n<td><input id=\"np7_portato\" type=\"text\" \/><\/td>\n<td><\/td>\n<td><\/td>\n<td><\/td>\n<td><\/td>\n<\/tr>\n<tr id=\"np8\">\n<td><input id=\"np8_portato\" type=\"text\" \/><\/td>\n<td><\/td>\n<td><\/td>\n<td><\/td>\n<td><\/td>\n<\/tr>\n<\/tbody>\n<\/table>\n<p>[\/vc_column_text][vc_empty_space][vc_btn title=&#8221;AVANTI&#8221; style=&#8221;gradient-custom&#8221; gradient_custom_color_1=&#8221;#006d40&#8243; gradient_custom_color_2=&#8221;#99d100&#8243; align=&#8221;right&#8221; css=&#8221;.vc_custom_1728296212932{margin-bottom: 30px !important;}&#8221; el_id=&#8221;np_salva&#8221;][vc_separator][vc_column_text css=&#8221;&#8221;]<\/p>\n<p>&nbsp;<\/p>\n<ul>\n<li><small><small>Indicare il numero di telefono (solo linee POTS o ISDN) da portare su rete Retelit<\/small><\/small><\/li>\n<li><small><small>Indicare il tipo di accesso alla rete telefonica: POTS, ISDN.<\/small><\/small><\/li>\n<li><small><small>Indicare il numero di Linee aggiuntive (solo per tipo di accesso ISDN).<\/small><\/small><\/li>\n<li><small><small>Ai sensi della Delibera 103\/21\/CIR per procedere con la Number Portability \u00e8 necessario comunicare il Codice di Trasferimento Utente fornito dall&#8217;Operatore sul quale \u00e8 attualmente attiva la numerazione. Il codice \u00e8 un valore alfanumerico visualizzabile direttamente sulla fattura.<\/small><\/small><\/li>\n<\/ul>\n<p>&nbsp;<\/p>\n<p>&nbsp;<\/p>\n<p>[\/vc_column_text][\/vc_tta_section][\/vc_tta_pageable][vc_tta_pageable no_fill_content_area=&#8221;1&#8243; active_section=&#8221;1&#8243; pagination_style=&#8221;&#8221; el_id=&#8221;pagina3&#8243;][vc_tta_section title=&#8221;Sezione 1&#8243; tab_id=&#8221;1533286443642-bbf69603-629c&#8221;][vc_row_inner][vc_column_inner width=&#8221;2\/3&#8243;][vc_column_text]<input id=\"npdel_idnpg\" type=\"hidden\" \/><\/p>\n<p><b>Portabilit\u00e0 sul numero <span id=\"npdel_numerocloud\">04441835521<\/span><\/b><\/p>\n<p>[\/vc_column_text][\/vc_column_inner][vc_column_inner width=&#8221;1\/3&#8243;][vc_btn title=&#8221;Indietro&#8221; align=&#8221;right&#8221; css=&#8221;.vc_custom_1536134533197{margin-top: 35px !important;margin-right: 10px !important;}&#8221; el_id=&#8221;np_indietro2&#8243;][\/vc_column_inner][\/vc_row_inner][vc_separator][vc_row_inner][vc_column_inner width=&#8221;1\/2&#8243;][vc_column_text]<\/p>\n<p><b>Telefono Portato:<\/b><\/p>\n<p>[\/vc_column_text][\/vc_column_inner][vc_column_inner width=&#8221;1\/2&#8243;][vc_column_text]<\/p>\n<p id=\"npdel_np\">0444580760<\/p>\n<p>[\/vc_column_text][\/vc_column_inner][\/vc_row_inner][vc_empty_space height=&#8221;1px&#8221;][vc_row_inner][vc_column_inner width=&#8221;1\/2&#8243;][vc_column_text]<\/p>\n<p><b>Telefono capostipite\/radicale:<\/b><\/p>\n<p>[\/vc_column_text][\/vc_column_inner][vc_column_inner width=&#8221;1\/2&#8243;][vc_column_text]<\/p>\n<p id=\"npdel_radicale\">0444580760<\/p>\n<p>[\/vc_column_text][\/vc_column_inner][\/vc_row_inner][vc_empty_space height=&#8221;1px&#8221;][vc_row_inner][vc_column_inner width=&#8221;1\/2&#8243;][vc_column_text]<\/p>\n<p><b>Tipologia linea associata al numero portato:<\/b><\/p>\n<p>[\/vc_column_text][\/vc_column_inner][vc_column_inner width=&#8221;1\/2&#8243;][vc_column_text]<\/p>\n<p id=\"npdel_linea\">0444580760<\/p>\n<p>[\/vc_column_text][\/vc_column_inner][\/vc_row_inner][vc_empty_space height=&#8221;1px&#8221;][vc_row_inner][vc_column_inner width=&#8221;1\/2&#8243;][vc_column_text]<\/p>\n<p><b>Tipologia impianto associato al numero portato:<\/b><\/p>\n<p>[\/vc_column_text][\/vc_column_inner][vc_column_inner width=&#8221;1\/2&#8243;][vc_column_text]<\/p>\n<p id=\"npdel_lineaimpianto\">0444580760<\/p>\n<p>[\/vc_column_text][\/vc_column_inner][\/vc_row_inner][vc_empty_space height=&#8221;1px&#8221;][vc_row_inner][vc_column_inner width=&#8221;1\/2&#8243;][vc_column_text]<\/p>\n<p><b>Ragione Sociale intestatario linea telefonica:<\/b><\/p>\n<p>[\/vc_column_text][\/vc_column_inner][vc_column_inner width=&#8221;1\/2&#8243;][vc_column_text]<\/p>\n<p id=\"npdel_ragionesociale\">0444580760<\/p>\n<p>[\/vc_column_text][\/vc_column_inner][\/vc_row_inner][vc_empty_space height=&#8221;1px&#8221;][vc_row_inner][vc_column_inner width=&#8221;1\/2&#8243;][vc_column_text]<\/p>\n<p><b>Codice Fiscale intestatario:<\/b><\/p>\n<p>[\/vc_column_text][\/vc_column_inner][vc_column_inner width=&#8221;1\/2&#8243;][vc_column_text]<\/p>\n<p id=\"npdel_codicefiscale\">0444580760<\/p>\n<p>[\/vc_column_text][\/vc_column_inner][\/vc_row_inner][vc_empty_space height=&#8221;1px&#8221;][vc_row_inner][vc_column_inner width=&#8221;1\/2&#8243;][vc_column_text]<\/p>\n<p><b>Partita IVA intestatario:<\/b><\/p>\n<p>[\/vc_column_text][\/vc_column_inner][vc_column_inner width=&#8221;1\/2&#8243;][vc_column_text]<\/p>\n<p id=\"npdel_partitaiva\">0444580760<\/p>\n<p>[\/vc_column_text][\/vc_column_inner][\/vc_row_inner][vc_empty_space height=&#8221;1px&#8221;][vc_row_inner][vc_column_inner width=&#8221;1\/2&#8243;][vc_column_text]<\/p>\n<p><b>Indirizzo:<\/b><\/p>\n<p>[\/vc_column_text][\/vc_column_inner][vc_column_inner width=&#8221;1\/2&#8243;][vc_column_text]<\/p>\n<p id=\"npdel_indirizzo\">0444580760<\/p>\n<p>[\/vc_column_text][\/vc_column_inner][\/vc_row_inner][vc_empty_space height=&#8221;1px&#8221;][vc_row_inner][vc_column_inner width=&#8221;1\/2&#8243;][vc_column_text]<\/p>\n<p><b>Comune:<\/b><\/p>\n<p>[\/vc_column_text][\/vc_column_inner][vc_column_inner width=&#8221;1\/2&#8243;][vc_column_text]<\/p>\n<p id=\"npdel_comune\">0444580760<\/p>\n<p>[\/vc_column_text][\/vc_column_inner][\/vc_row_inner][vc_empty_space height=&#8221;1px&#8221;][vc_row_inner][vc_column_inner width=&#8221;1\/2&#8243;][vc_column_text]<\/p>\n<p><b>CAP:<\/b><\/p>\n<p>[\/vc_column_text][\/vc_column_inner][vc_column_inner width=&#8221;1\/2&#8243;][vc_column_text]<\/p>\n<p id=\"npdel_cap\">0444580760<\/p>\n<p>[\/vc_column_text][\/vc_column_inner][\/vc_row_inner][vc_empty_space height=&#8221;1px&#8221;][vc_row_inner][vc_column_inner width=&#8221;1\/2&#8243;][vc_column_text]<\/p>\n<p><b>Recapito Telefonico:<\/b><\/p>\n<p>[\/vc_column_text][\/vc_column_inner][vc_column_inner width=&#8221;1\/2&#8243;][vc_column_text]<\/p>\n<p id=\"npdel_recapito\">0444580760<\/p>\n<p>[\/vc_column_text][\/vc_column_inner][\/vc_row_inner][vc_empty_space height=&#8221;1px&#8221;][vc_row_inner][vc_column_inner width=&#8221;1\/2&#8243;][vc_column_text]<\/p>\n<p><b>Donor:<\/b><\/p>\n<p>[\/vc_column_text][\/vc_column_inner][vc_column_inner width=&#8221;1\/2&#8243;][vc_column_text]<\/p>\n<p id=\"npdel_donor\">0444580760<\/p>\n<p>[\/vc_column_text][\/vc_column_inner][\/vc_row_inner][vc_empty_space height=&#8221;1px&#8221;][vc_row_inner][vc_column_inner width=&#8221;1\/2&#8243;][vc_column_text]<\/p>\n<p><b>Modalit\u00e0 Richiesta Cessazione:<\/b><\/p>\n<p>[\/vc_column_text][\/vc_column_inner][vc_column_inner width=&#8221;1\/2&#8243;][vc_column_text]<select id=\"np_rietroti\"><option selected=\"selected\" value=\"0\">Senza rientro in Telecom<\/option><option value=\"1\">Con rientro in Telecom<\/option><\/select><br \/>\n[\/vc_column_text][\/vc_column_inner][\/vc_row_inner][vc_empty_space][vc_separator][vc_btn title=&#8221;DISATTIVA&#8221; style=&#8221;gradient-custom&#8221; gradient_custom_color_1=&#8221;#006d40&#8243; gradient_custom_color_2=&#8221;#99d100&#8243; align=&#8221;right&#8221; css=&#8221;.vc_custom_1599838528343{margin-top: 30px !important;}&#8221; el_id=&#8221;npdel_disattiva&#8221;][\/vc_tta_section][\/vc_tta_pageable][vc_empty_space][\/vc_column][\/vc_row]<\/p>\n<\/div>","protected":false},"excerpt":{"rendered":"<p>[vc_row][vc_column][\/vc_column][\/vc_row][vc_row][vc_column width=&#8221;1\/4&#8243;][vc_wp_custommenu title=&#8221;Voce&#8221; nav_menu=&#8221;42&#8243; el_id=&#8221;sx&#8221; el_class=&#8221;sx&#8221;][\/vc_column][vc_column width=&#8221;3\/4&#8243;][vc_tta_pageable no_fill_content_area=&#8221;1&#8243; active_section=&#8221;1&#8243; pagination_style=&#8221;&#8221; el_id=&#8221;pagina1&#8243; el_class=&#8221;ocx_np_custom&#8221;][vc_tta_section title=&#8221;Sezione 1&#8243; tab_id=&#8221;1532609487380-fe615777-8576&#8243;][vc_column_text css=&#8221;&#8221;] Number Portability Nota bene: Per richiedere la portabilit\u00e0 di un numero \u00e8 necessario essere in possesso di una numerazione Retelit Orchestra nello stesso distretto telefonico ( cio\u00e8 con il medesimo prefisso) della numerazione che intendi portare. La portabilit\u00e0 della&hellip;<\/p>\n","protected":false},"author":1,"featured_media":0,"parent":1893,"menu_order":0,"comment_status":"closed","ping_status":"closed","template":"template-microsite.php","meta":{"footnotes":""},"class_list":["post-1913","page","type-page","status-publish","hentry","description-off"],"_links":{"self":[{"href":"https:\/\/orchestra.retelit.it\/index.php\/wp-json\/wp\/v2\/pages\/1913","targetHints":{"allow":["GET"]}}],"collection":[{"href":"https:\/\/orchestra.retelit.it\/index.php\/wp-json\/wp\/v2\/pages"}],"about":[{"href":"https:\/\/orchestra.retelit.it\/index.php\/wp-json\/wp\/v2\/types\/page"}],"author":[{"embeddable":true,"href":"https:\/\/orchestra.retelit.it\/index.php\/wp-json\/wp\/v2\/users\/1"}],"replies":[{"embeddable":true,"href":"https:\/\/orchestra.retelit.it\/index.php\/wp-json\/wp\/v2\/comments?post=1913"}],"version-history":[{"count":121,"href":"https:\/\/orchestra.retelit.it\/index.php\/wp-json\/wp\/v2\/pages\/1913\/revisions"}],"predecessor-version":[{"id":7031,"href":"https:\/\/orchestra.retelit.it\/index.php\/wp-json\/wp\/v2\/pages\/1913\/revisions\/7031"}],"up":[{"embeddable":true,"href":"https:\/\/orchestra.retelit.it\/index.php\/wp-json\/wp\/v2\/pages\/1893"}],"wp:attachment":[{"href":"https:\/\/orchestra.retelit.it\/index.php\/wp-json\/wp\/v2\/media?parent=1913"}],"curies":[{"name":"wp","href":"https:\/\/api.w.org\/{rel}","templated":true}]}}